a factor of 28?
True
Is 5 a factor of 254?
False
Is 41420 a multiple of 76?
True
Is 9 a factor of 53905?
False
Is 4540 a multiple of 12?
False
Is 200 a multiple of 20?
True
Is 27961 a multiple of 3?
False
Is 260 a multiple of 7?
False
Is 47 a factor of 1819?
False
Is 55668 a multiple of 12?
True
Is 33 a factor of 6402?
True
Does 2 divide 23?
False
Is 3480 a multiple of 3?
True
Is 20 a factor of 23?
False
Is 2310 a multiple of 77?
True
Does 9 divide 387?
True
Is 2327 a multiple of 72?
False
Is 10 a factor of 224?
False
Is 2314 a multiple of 57?
False
Is 20 a factor of 628?
False
Does 111 divide 7548?
True
Is 2864 a multiple of 16?
True
Is 299 a multiple of 4?
False
Is 2223 a multiple of 57?
True
Is 1777 a multiple of 23?
False
Is 76 a multiple of 19?
True
Is 2361 a multiple of 14?
False
Is 810 a multiple of 6?
True
Is 18720 a multiple of 13?
True
Is 33 a factor of 222?
False
Does 13 divide 122?
False
Is 7373 a multiple of 101?
True
Is 3357 a multiple of 5?
False
Does 35 divide 1540?
True
Does 80 divide 4007?
False
Does 2 divide 278?
True
Does 18 divide 927?
False
Is 11 a multiple of 3?
False
Does 15 divide 641?
False
Is 800 a multiple of 5?
True
Does 3 divide 170?
False
Is 1846 a multiple of 2?
True
Is 50 a factor of 3097?
False
Is 83 a factor of 1577?
True
Is 14 a factor of 2954?
True
Does 4 divide 1004?
True
Does 7 divide 163?
False
Is 10 a factor of 2053?
False
Does 21 divide 2499?
True
Does 30 divide 630?
True
Is 2578 a multiple of 15?
False
Does 4 divide 140?
True
Is 1310 a multiple of 4?
False
Is 4318 a multiple of 64?
False
Is 1595 a multiple of 4?
False
Does 113 divide 2373?
True
Is 3171 a multiple of 37?
False
Is 8 a factor of 185?
False
Is 547 a multiple of 33?
False
Does 41 divide 2329?
False
Does 41 divide 2327?
False
Is 3045 a multiple of 35?
True
Is 1838 a multiple of 41?
False
Is 6 a factor of 48?
True
Does 31 divide 2127?
False
Is 17 a factor of 595?
True
Is 38 a factor of 419?
False
Does 74 divide 34484?
True
Is 13019 a multiple of 47?
True
Is 7 a factor of 6398?
True
Does 33 divide 2016?
False
Does 30 divide 651?
False
Does 15 divide 5100?
True
Is 29 a factor of 1041?
False
Is 1280 a multiple of 32?
True
Is 18 a factor of 126?
True
Does 7 divide 441?
True
Is 2208 a multiple of 92?
True
Is 137 a multiple of 5?
False
Does 41 divide 2993?
True
Is 26 a factor of 44382?
True
Does 22 divide 396?
True
Does 51 divide 255?
True
Is 16 a factor of 896?
True
Does 13 divide 10946?
True
Does 9 divide 189?
True
Is 17670 a multiple of 57?
True
Does 51 divide 16269?
True
Is 6050 a multiple of 30?
False
Does 13 divide 91?
True
Is 10 a factor of 230?
True
Is 23 a factor of 30383?
True
Is 847 a multiple of 71?
False
Is 19 a factor of 266?
True
Is 38 a factor of 5054?
True
Does 19 divide 1580?
False
Is 13381 a multiple of 9?
False
Is 728 a multiple of 26?
True
Is 234 a multiple of 39?
True
Does 39 divide 10764?
True
Is 12 even?
True
Is 810 a multiple of 10?
True
Is 717 a multiple of 13?
False
Is 12 a factor of 230?
False
Is 481 a multiple of 11?
False
Is 7 a factor of 5868?
False
Does 37 divide 1295?
True
Is 128 a factor of 24192?
True
Is 1455 a multiple of 5?
True
Is 6 a factor of 86628?
True
Is 81 a factor of 243?
True
Does 72 divide 9504?
True
Is 956 even?
True
Is 69446 a multiple of 13?
True
Is 7 a factor of 28?
True
Is 49 a factor of 1059?
False
Does 36 divide 14800?
False
Is 165 a multiple of 45?
False
Does 92 divide 11865?
False
Is 1209 a multiple of 10?
False
Is 151 a factor of 12554?
False
Is 32 a factor of 7964?
False
Does 19 divide 9359?
False
Is 27690 a multiple of 213?
True
Is 43 a factor of 258?
True
Does 9 divide 630?
True
Does 26 divide 11774?
False
Is 3446 a multiple of 34?
False
Does 78 divide 2349?
False
Does 43 divide 4515?
True
Is 43 a factor of 645?
True
Is 2250 a multiple of 16?
False
Is 44 a factor of 3249?
False
Does 2 divide 50?
True
Is 7 a factor of 112?
True
Is 2703 a multiple of 12?
False
Is 55638 a multiple of 198?
True
Does 7 divide 12376?
True
Does 77 divide 3542?
True
Does 10 divide 33055?
False
Is 37 a factor of 6468?
False
Is 3 a factor of 1993?
False
Does 16 divide 6785?
False
Is 13 a factor of 11600?
False
Does 14 divide 2016?
True
Is 64 a factor of 3232?
False
Is 4 a factor of 12?
True
Is 77 a factor of 16478?
True
Is 41105 a multiple of 13?
False
Is 95 a factor of 5274?
False
Is 7 a factor of 17?
False
Is 25 a factor of 1650?
True
Does 7 divide 6921?
False
Is 1244 a multiple of 63?
False
Does 59 divide 15637?
False
Is 1524 a multiple of 49?
False
Is 6 a factor of 1829?
False
Is 3 a factor of 4044?
True
Is 17883 a multiple of 5?
False
Does 25 divide 4796?
False
Is 6 a multiple of 3?
True
Is 36559 a multiple of 10?
False
Is 39 a factor of 3304?
False
Does 11 divide 3300?
True
Is 110 a multiple of 11?
True
Does 22 divide 4002?
False
Is 282 a multiple of 6?
True
Is 2209 a multiple of 25?
False
Is 3 a factor of 518?
False
Is 20 a factor of 2028?
False
Does 7 divide 38?
False
Is 4 a factor of 223?
False
Is 16 a factor of 208?
True
Does 43 divide 428?
False
Is 1218 a multiple of 42?
True
Is 55577 a multiple of 25?
False
Does 14 divide 5200?
False
Is 36 a factor of 936?
True
Does 35 divide 446?
False
Is 1100 a multiple of 22?
True
Is 63 a factor of 1800?
False
Does 15 divide 20670?
True
Is 65 a factor of 1554?
False
Does 5 divide 196?
False
Does 93 divide 17576?
False
Is 8 a factor of 96?
True
Is 17 a factor of 131?
False
Is 167 a multiple of 2?
False
Is 42 a factor of 1263?
False
Is 12 a factor of 21816?
True
Is 12 a factor of 3540?
True
Is 55226 a multiple of 81?
False
Is 456 a factor of 80449?
False
Is 3 a factor of 4245?
True
Is 49 a factor of 245?
True
Is 2 a factor of 349?
False
Is 64 a factor of 63808?
True
Is 38031 a multiple of 20?
False
Is 23 a factor of 27232?
True
Does 6 divide 2112?
True
Is 8 a factor of 976?
True
Does 2 divide 182?
True
Is 3473 a multiple of 7?
False
Is 3366 a multiple of 20?
False
Is 55625 a multiple of 89?
True
Does 30 divide 660?
True
Is 14 a factor of 5219?
False
Is 31 a factor of 24087?
True
Is 17260 a multiple of 20?
True
Is 33 a factor of 1497?
False
Does 6 divide 1572?
True
Is 88 a factor of 9720?
False
Does 73 divide 29492?
True
Does 54 divide 1296?
True
Is 20 a factor of 2300?
True
Is 9762 a multiple of 35?
False
Is 25 a factor of 62713?
False
Is 2405 a multiple of 65?
True
Is 696 even?
True
Does 21 divide 75?
False
Is 350 a multiple of 10?
True
Is 55 a factor of 9185?
True
Does 45 divide 128?
False
Is 8 a factor of 251?
False
Is 832 a multiple of 16?
True
Does 2 divide 2846?
True
Does 29 divide 3660?
False
Is 29 a factor of 282?
False
Is 12 a factor of 576?
True
Does 18 divide 2083?
False
Is 55 a factor of 11736?
False
Is 29 a factor of 22098?
True
Is 100 a factor of 1747?
False
Does 157 divide 15386?
True
Is 39 a factor of 6279?
True
Is 988 a multiple of 13?
True
Is 4 a factor of 415?
False
Is 25 a factor of 1500?
True
Does 39 divide 42854?
False
Is 24 a factor of 144?
True
Does 20 divide 580?
True
Is 96 a factor of 2292?
False
Is 222 even?
True
Is 81 a factor of 28674?
True
Does 8 divide 112?
True
Is 490 a multiple of 6?
False
Does 156 divide 1689?
False
Does 108 divide 6804?
True
Does 49 divide 1890?
False
Does 30 divide 1470?
True
Does 7 divide 42?
True
Is 10 a factor of 18171?
False
Is 3 a factor of 15078?
True
Does 15 divide 3000?
True
Does 10 divide 7000?
True
Does 27 divide 3050?
False
Is 8796 a multiple of 31?
False
Is 3078 a multiple of 114?
True
Is 30 even?
True
Does 5 divide 1620?
True
Is 5936 a multiple of 11?
False
Does 31 divide 3131?
True
Is 24 a factor of 3720?
True
Does 19 divide 15927?
False
Is 61590 a multiple of 15?
True
Is 5 a factor of 4885?
True
Is 34 a factor of 685?
False
Does 15 divide 480?
True
Is 176 a multiple of 21?
False
Does 13 divide 2431?
True
Does 12 divide 8352?
True
Is 8209 a multiple of 12?
False
Is 77 a factor of 7392?
True
Is 156 a multiple of 12?
True
Is 47302 a multiple of 134?
True
Is 16 a factor of 7141?
False
Is 8050 a multiple of 7?
True
Does 9 divide 742?
False
Is 5739 a multiple of 3?
True
Is 2 a factor of 414?
True
Is 648 a multiple of 27?
True
Is 78 a factor of 1248?
True
Does 93 divide 2040?
False
Is 36 a multiple of 12?
True
Does 101 divide 5151?
True
Is 23 a factor of 9200?
True
Does 3 divide 94?
False
Is 62 a factor 